{"id":1737,"date":"2025-11-13T14:49:19","date_gmt":"2025-11-13T11:49:19","guid":{"rendered":"https:\/\/wiki.dev.voka.io\/glossary\/tipo-facial-adenoideo\/"},"modified":"2025-11-13T14:49:22","modified_gmt":"2025-11-13T11:49:22","slug":"tipo-facial-adenoideo","status":"publish","type":"glossary_item","link":"https:\/\/wiki.dev.voka.io\/es\/glosario\/tipo-facial-adenoideo\/","title":{"rendered":"Tipo facial adenoideo"},"content":{"rendered":"\n<p>El tipo facial adenoideo es un conjunto t\u00edpico de s\u00edntomas con cambios faciales que se desarrolla en los ni\u00f1os como resultado de trastornos respiratorios nasales prolongados y la transici\u00f3n a una respiraci\u00f3n bucal constante.<\/p>\n\n<p>Estos cambios se desarrollan gradualmente a medida que crece el esqueleto facial y no son simplemente una caracter\u00edstica cosm\u00e9tica, sino un signo cl\u00ednico de obstrucci\u00f3n cr\u00f3nica de las v\u00edas respiratorias superiores.<\/p>\n\n<h2 class=\"wp-block-heading\" id=\"h-&#x44D;&#x442;&#x438;&#x43E;&#x43B;&#x43E;&#x433;&#x438;&#x44F;-&#x438;-&#x43F;&#x430;&#x442;&#x43E;&#x444;&#x438;&#x437;&#x438;&#x43E;&#x43B;&#x43E;&#x433;&#x438;&#x44F;\"><strong>Etiolog\u00eda y fisiopatolog\u00eda<\/strong><\/h2>\n\n<p>La causa principal es la presencia de una obstrucci\u00f3n mec\u00e1nica en la cavidad nasal o nasofaringe, principalmente una hipertrofia adenoidea (vegetaci\u00f3n adenoidea). Otras causas pueden incluir rinitis cr\u00f3nica, curvatura severa del tabique nasal o p\u00f3lipos.<\/p>\n\n<p>La patog\u00e9nesis est\u00e1 relacionada con el hecho de que la respiraci\u00f3n bucal constante altera el equilibrio de los m\u00fasculos faciales. Esto provoca un predominio del crecimiento vertical del esqueleto facial, un estrechamiento de la mand\u00edbula superior, la formaci\u00f3n de un paladar alto (\u00abg\u00f3tico\u00bb) y una maloclusi\u00f3n.<\/p>\n\n<h2 class=\"wp-block-heading\" id=\"h-&#x43A;&#x43B;&#x438;&#x43D;&#x438;&#x447;&#x435;&#x441;&#x43A;&#x43E;&#x435;-&#x437;&#x43D;&#x430;&#x447;&#x435;&#x43D;&#x438;&#x435;\"><strong>Importancia cl\u00ednica<\/strong><\/h2>\n\n<p>El tipo facial adenoideo es un marcador diagn\u00f3stico importante que indica un problema grave y de larga duraci\u00f3n. Los problemas cr\u00f3nicos de respiraci\u00f3n nasal pueden provocar hipoxia, trastornos del sue\u00f1o (incluido el s\u00edndrome de apnea obstructiva del sue\u00f1o), enfermedades respiratorias frecuentes y retrasos en el desarrollo.<\/p>\n\n<p>Los signos principales incluyen:<\/p>\n\n<ul class=\"wp-block-list\">\n<li>boca constantemente abierta;<\/li>\n\n\n\n<li>cara alargada, estrecha e hinchada;<\/li>\n\n\n\n<li>alisamiento de los pliegues nasolabiales;<\/li>\n\n\n\n<li>desarrollo de maloclusi\u00f3n.<\/li>\n<\/ul>\n\n<p>La detecci\u00f3n y eliminaci\u00f3n oportunas de la causa (p.ej., adenotom\u00eda) puede detener el desarrollo de estos cambios y revertirlos parcial o totalmente, sobre todo a una edad temprana. El tratamiento de ortodoncia puede ser necesario a una edad m\u00e1s avanzada.<\/p>\n","protected":false},"excerpt":{"rendered":"<p>El tipo facial adenoideo es un conjunto t\u00edpico de s\u00edntomas con cambios faciales que se desarrolla en los ni\u00f1os como resultado de trastornos respiratorios nasales prolongados y la transici\u00f3n a una respiraci\u00f3n bucal constante.<\/p>\n","protected":false},"featured_media":0,"template":"","class_list":["post-1737","glossary_item","type-glossary_item","status-publish","hentry"],"acf":[],"yoast_head":"<!-- This site is optimized with the Yoast SEO Premium plugin v25.0 (Yoast SEO v26.5) - https:\/\/yoast.com\/wordpress\/plugins\/seo\/ -->\n<title>Tipo facial adenoideo: definici\u00f3n m\u00e9dica y descripci\u00f3n | Voka Wiki<\/title>\n<meta name=\"description\" content=\"El tipo facial adenoideo es un conjunto t\u00edpico de s\u00edntomas con cambios faciales que se desarrolla en los ni\u00f1os como resultado de trastornos respiratorios nasales prolongados y la transici\u00f3n a una respiraci\u00f3n bucal constante.\" \/>\n<meta name=\"robots\" content=\"noindex, follow, max-snippet:-1, max-image-preview:large, max-video-preview:-1\" \/>\n<meta property=\"og:locale\" content=\"es_ES\" \/>\n<meta property=\"og:type\" content=\"article\" \/>\n<meta property=\"og:title\" content=\"Tipo facial adenoideo\" \/>\n<meta property=\"og:description\" content=\"El tipo facial adenoideo es un conjunto t\u00edpico de s\u00edntomas con cambios faciales que se desarrolla en los ni\u00f1os como resultado de trastornos respiratorios nasales prolongados y la transici\u00f3n a una respiraci\u00f3n bucal constante.\" \/>\n<meta property=\"og:url\" content=\"https:\/\/wiki.dev.voka.io\/es\/glosario\/tipo-facial-adenoideo\/\" \/>\n<meta property=\"og:site_name\" content=\"Voka Wiki\" \/>\n<meta property=\"article:publisher\" content=\"https:\/\/www.facebook.com\/VOKA3DAnatomyAndPathology\/\" \/>\n<meta property=\"article:modified_time\" content=\"2025-11-13T11:49:22+00:00\" \/>\n<meta name=\"twitter:card\" content=\"summary_large_image\" \/>\n<meta name=\"twitter:label1\" content=\"Tiempo de lectura\" \/>\n\t<meta name=\"twitter:data1\" content=\"1 minuto\" \/>\n<script type=\"application\/ld+json\" class=\"yoast-schema-graph\">{\"@context\":\"https:\/\/schema.org\",\"@graph\":[{\"@type\":\"WebPage\",\"@id\":\"https:\/\/wiki.dev.voka.io\/es\/glosario\/tipo-facial-adenoideo\/\",\"url\":\"https:\/\/wiki.dev.voka.io\/es\/glosario\/tipo-facial-adenoideo\/\",\"name\":\"Tipo facial adenoideo: definici\u00f3n m\u00e9dica y descripci\u00f3n | Voka Wiki\",\"isPartOf\":{\"@id\":\"https:\/\/wiki.dev.voka.io\/es\/#website\"},\"datePublished\":\"2025-11-13T11:49:19+00:00\",\"dateModified\":\"2025-11-13T11:49:22+00:00\",\"description\":\"El tipo facial adenoideo es un conjunto t\u00edpico de s\u00edntomas con cambios faciales que se desarrolla en los ni\u00f1os como resultado de trastornos respiratorios nasales prolongados y la transici\u00f3n a una respiraci\u00f3n bucal constante.\",\"breadcrumb\":{\"@id\":\"https:\/\/wiki.dev.voka.io\/es\/glosario\/tipo-facial-adenoideo\/#breadcrumb\"},\"inLanguage\":\"es\",\"potentialAction\":[{\"@type\":\"ReadAction\",\"target\":[\"https:\/\/wiki.dev.voka.io\/es\/glosario\/tipo-facial-adenoideo\/\"]}]},{\"@type\":\"BreadcrumbList\",\"@id\":\"https:\/\/wiki.dev.voka.io\/es\/glosario\/tipo-facial-adenoideo\/#breadcrumb\",\"itemListElement\":[{\"@type\":\"ListItem\",\"position\":1,\"name\":\"Home\",\"item\":\"https:\/\/wiki.dev.voka.io\/es\/\"},{\"@type\":\"ListItem\",\"position\":2,\"name\":\"Glosario\",\"item\":\"https:\/\/wiki.dev.voka.io\/es\/glosario\/\"},{\"@type\":\"ListItem\",\"position\":3,\"name\":\"Tipo facial adenoideo\"}]},{\"@type\":\"WebSite\",\"@id\":\"https:\/\/wiki.dev.voka.io\/es\/#website\",\"url\":\"https:\/\/wiki.dev.voka.io\/es\/\",\"name\":\"Voka Wiki\",\"description\":\"\",\"publisher\":{\"@id\":\"https:\/\/wiki.dev.voka.io\/es\/#organization\"},\"alternateName\":\"Anatomy & Pathology Wiki by VOKA\",\"potentialAction\":[{\"@type\":\"SearchAction\",\"target\":{\"@type\":\"EntryPoint\",\"urlTemplate\":\"https:\/\/wiki.dev.voka.io\/es\/?s={search_term_string}\"},\"query-input\":{\"@type\":\"PropertyValueSpecification\",\"valueRequired\":true,\"valueName\":\"search_term_string\"}}],\"inLanguage\":\"es\"},{\"@type\":\"Organization\",\"@id\":\"https:\/\/wiki.dev.voka.io\/es\/#organization\",\"name\":\"Voka 3D Anatomy & Pathology\",\"alternateName\":\"VOKA\",\"url\":\"https:\/\/wiki.dev.voka.io\/es\/\",\"logo\":{\"@type\":\"ImageObject\",\"inLanguage\":\"es\",\"@id\":\"https:\/\/wiki.dev.voka.io\/es\/#\/schema\/logo\/image\/\",\"url\":\"https:\/\/wiki.dev.voka.io\/wp-content\/uploads\/2025\/02\/cropped-voka-logo-1.png\",\"contentUrl\":\"https:\/\/wiki.dev.voka.io\/wp-content\/uploads\/2025\/02\/cropped-voka-logo-1.png\",\"width\":70,\"height\":16,\"caption\":\"Voka 3D Anatomy & Pathology\"},\"image\":{\"@id\":\"https:\/\/wiki.dev.voka.io\/es\/#\/schema\/logo\/image\/\"},\"sameAs\":[\"https:\/\/www.facebook.com\/VOKA3DAnatomyAndPathology\/\",\"https:\/\/www.instagram.com\/voka.io\/\",\"https:\/\/www.linkedin.com\/company\/voka-io\/\",\"https:\/\/www.youtube.com\/channel\/UCqGGuOEpr62ScH8Pjk2q5zw\/videos\",\"https:\/\/www.pinterest.com\/VokaAnatomyPro\/\",\"https:\/\/www.threads.com\/@voka.io\"],\"description\":\"VOKA.io offers 3D medical animations and custom 3D modeling services. Our product, VOKA 3D Anatomy & Pathology, is a digital atlas with over 1,000 detailed 3D models of human anatomy and pathology, designed for medical education, training, and patient communication.\",\"email\":\"info@voka.io\",\"telephone\":\"+1 814 351 4442\",\"legalName\":\"Voka 3D Anatomy & Pathology\",\"foundingDate\":\"2017-02-12\",\"naics\":\"541512\",\"numberOfEmployees\":{\"@type\":\"QuantitativeValue\",\"minValue\":\"51\",\"maxValue\":\"200\"},\"publishingPrinciples\":\"https:\/\/wiki.voka.io\/es\/principios-de-publicacion\/\"}]}<\/script>\n<!-- \/ Yoast SEO Premium plugin. -->","yoast_head_json":{"title":"Tipo facial adenoideo: definici\u00f3n m\u00e9dica y descripci\u00f3n | Voka Wiki","description":"El tipo facial adenoideo es un conjunto t\u00edpico de s\u00edntomas con cambios faciales que se desarrolla en los ni\u00f1os como resultado de trastornos respiratorios nasales prolongados y la transici\u00f3n a una respiraci\u00f3n bucal constante.","robots":{"index":"noindex","follow":"follow","max-snippet":"max-snippet:-1","max-image-preview":"max-image-preview:large","max-video-preview":"max-video-preview:-1"},"og_locale":"es_ES","og_type":"article","og_title":"Tipo facial adenoideo","og_description":"El tipo facial adenoideo es un conjunto t\u00edpico de s\u00edntomas con cambios faciales que se desarrolla en los ni\u00f1os como resultado de trastornos respiratorios nasales prolongados y la transici\u00f3n a una respiraci\u00f3n bucal constante.","og_url":"https:\/\/wiki.dev.voka.io\/es\/glosario\/tipo-facial-adenoideo\/","og_site_name":"Voka Wiki","article_publisher":"https:\/\/www.facebook.com\/VOKA3DAnatomyAndPathology\/","article_modified_time":"2025-11-13T11:49:22+00:00","twitter_card":"summary_large_image","twitter_misc":{"Tiempo de lectura":"1 minuto"},"schema":{"@context":"https:\/\/schema.org","@graph":[{"@type":"WebPage","@id":"https:\/\/wiki.dev.voka.io\/es\/glosario\/tipo-facial-adenoideo\/","url":"https:\/\/wiki.dev.voka.io\/es\/glosario\/tipo-facial-adenoideo\/","name":"Tipo facial adenoideo: definici\u00f3n m\u00e9dica y descripci\u00f3n | Voka Wiki","isPartOf":{"@id":"https:\/\/wiki.dev.voka.io\/es\/#website"},"datePublished":"2025-11-13T11:49:19+00:00","dateModified":"2025-11-13T11:49:22+00:00","description":"El tipo facial adenoideo es un conjunto t\u00edpico de s\u00edntomas con cambios faciales que se desarrolla en los ni\u00f1os como resultado de trastornos respiratorios nasales prolongados y la transici\u00f3n a una respiraci\u00f3n bucal constante.","breadcrumb":{"@id":"https:\/\/wiki.dev.voka.io\/es\/glosario\/tipo-facial-adenoideo\/#breadcrumb"},"inLanguage":"es","potentialAction":[{"@type":"ReadAction","target":["https:\/\/wiki.dev.voka.io\/es\/glosario\/tipo-facial-adenoideo\/"]}]},{"@type":"BreadcrumbList","@id":"https:\/\/wiki.dev.voka.io\/es\/glosario\/tipo-facial-adenoideo\/#breadcrumb","itemListElement":[{"@type":"ListItem","position":1,"name":"Home","item":"https:\/\/wiki.dev.voka.io\/es\/"},{"@type":"ListItem","position":2,"name":"Glosario","item":"https:\/\/wiki.dev.voka.io\/es\/glosario\/"},{"@type":"ListItem","position":3,"name":"Tipo facial adenoideo"}]},{"@type":"WebSite","@id":"https:\/\/wiki.dev.voka.io\/es\/#website","url":"https:\/\/wiki.dev.voka.io\/es\/","name":"Voka Wiki","description":"","publisher":{"@id":"https:\/\/wiki.dev.voka.io\/es\/#organization"},"alternateName":"Anatomy & Pathology Wiki by VOKA","potentialAction":[{"@type":"SearchAction","target":{"@type":"EntryPoint","urlTemplate":"https:\/\/wiki.dev.voka.io\/es\/?s={search_term_string}"},"query-input":{"@type":"PropertyValueSpecification","valueRequired":true,"valueName":"search_term_string"}}],"inLanguage":"es"},{"@type":"Organization","@id":"https:\/\/wiki.dev.voka.io\/es\/#organization","name":"Voka 3D Anatomy & Pathology","alternateName":"VOKA","url":"https:\/\/wiki.dev.voka.io\/es\/","logo":{"@type":"ImageObject","inLanguage":"es","@id":"https:\/\/wiki.dev.voka.io\/es\/#\/schema\/logo\/image\/","url":"https:\/\/wiki.dev.voka.io\/wp-content\/uploads\/2025\/02\/cropped-voka-logo-1.png","contentUrl":"https:\/\/wiki.dev.voka.io\/wp-content\/uploads\/2025\/02\/cropped-voka-logo-1.png","width":70,"height":16,"caption":"Voka 3D Anatomy & Pathology"},"image":{"@id":"https:\/\/wiki.dev.voka.io\/es\/#\/schema\/logo\/image\/"},"sameAs":["https:\/\/www.facebook.com\/VOKA3DAnatomyAndPathology\/","https:\/\/www.instagram.com\/voka.io\/","https:\/\/www.linkedin.com\/company\/voka-io\/","https:\/\/www.youtube.com\/channel\/UCqGGuOEpr62ScH8Pjk2q5zw\/videos","https:\/\/www.pinterest.com\/VokaAnatomyPro\/","https:\/\/www.threads.com\/@voka.io"],"description":"VOKA.io offers 3D medical animations and custom 3D modeling services. Our product, VOKA 3D Anatomy & Pathology, is a digital atlas with over 1,000 detailed 3D models of human anatomy and pathology, designed for medical education, training, and patient communication.","email":"info@voka.io","telephone":"+1 814 351 4442","legalName":"Voka 3D Anatomy & Pathology","foundingDate":"2017-02-12","naics":"541512","numberOfEmployees":{"@type":"QuantitativeValue","minValue":"51","maxValue":"200"},"publishingPrinciples":"https:\/\/wiki.voka.io\/es\/principios-de-publicacion\/"}]}},"_links":{"self":[{"href":"https:\/\/wiki.dev.voka.io\/es\/wp-json\/wp\/v2\/glossary_item\/1737","targetHints":{"allow":["GET"]}}],"collection":[{"href":"https:\/\/wiki.dev.voka.io\/es\/wp-json\/wp\/v2\/glossary_item"}],"about":[{"href":"https:\/\/wiki.dev.voka.io\/es\/wp-json\/wp\/v2\/types\/glossary_item"}],"wp:attachment":[{"href":"https:\/\/wiki.dev.voka.io\/es\/wp-json\/wp\/v2\/media?parent=1737"}],"curies":[{"name":"wp","href":"https:\/\/api.w.org\/{rel}","templated":true}]}}

<p>El tipo facial adenoideo es un conjunto típico de síntomas con cambios faciales que se desarrolla en los niños como resultado de trastornos respiratorios nasales prolongados y la transición a una respiración bucal constante.</p>

<p>Estos cambios se desarrollan gradualmente a medida que crece el esqueleto facial y no son simplemente una característica cosmética, sino un signo clínico de obstrucción crónica de las vías respiratorias superiores.</p>

<h2 class="wp-block-heading" id="h-&#x44D;&#x442;&#x438;&#x43E;&#x43B;&#x43E;&#x433;&#x438;&#x44F;-&#x438;-&#x43F;&#x430;&#x442;&#x43E;&#x444;&#x438;&#x437;&#x438;&#x43E;&#x43B;&#x43E;&#x433;&#x438;&#x44F;"><strong>Etiología y fisiopatología</strong></h2>

<p>La causa principal es la presencia de una obstrucción mecánica en la cavidad nasal o nasofaringe, principalmente una hipertrofia adenoidea (vegetación adenoidea). Otras causas pueden incluir rinitis crónica, curvatura severa del tabique nasal o pólipos.</p>

<p>La patogénesis está relacionada con el hecho de que la respiración bucal constante altera el equilibrio de los músculos faciales. Esto provoca un predominio del crecimiento vertical del esqueleto facial, un estrechamiento de la mandíbula superior, la formación de un paladar alto («gótico») y una maloclusión.</p>

<h2 class="wp-block-heading" id="h-&#x43A;&#x43B;&#x438;&#x43D;&#x438;&#x447;&#x435;&#x441;&#x43A;&#x43E;&#x435;-&#x437;&#x43D;&#x430;&#x447;&#x435;&#x43D;&#x438;&#x435;"><strong>Importancia clínica</strong></h2>

<p>El tipo facial adenoideo es un marcador diagnóstico importante que indica un problema grave y de larga duración. Los problemas crónicos de respiración nasal pueden provocar hipoxia, trastornos del sueño (incluido el síndrome de apnea obstructiva del sueño), enfermedades respiratorias frecuentes y retrasos en el desarrollo.</p>

<p>Los signos principales incluyen:</p>

<ul class="wp-block-list">
<li>boca constantemente abierta;</li>



<li>cara alargada, estrecha e hinchada;</li>



<li>alisamiento de los pliegues nasolabiales;</li>



<li>desarrollo de maloclusión.</li>
</ul>

<p>La detección y eliminación oportunas de la causa (p.ej., adenotomía) puede detener el desarrollo de estos cambios y revertirlos parcial o totalmente, sobre todo a una edad temprana. El tratamiento de ortodoncia puede ser necesario a una edad más avanzada.</p>

<p>El tipo facial adenoideo es un conjunto típico de síntomas con cambios faciales que se desarrolla en los niños como resultado de trastornos respiratorios nasales prolongados y la transición a una respiración bucal constante.</p>

<!-- This site is optimized with the Yoast SEO Premium plugin v25.0 (Yoast SEO v26.5) - https://yoast.com/wordpress/plugins/seo/ -->
<title>Tipo facial adenoideo: definición médica y descripción | Voka Wiki</title>
<meta name="description" content="El tipo facial adenoideo es un conjunto típico de síntomas con cambios faciales que se desarrolla en los niños como resultado de trastornos respiratorios nasales prolongados y la transición a una respiración bucal constante." />
<meta name="robots" content="noindex, follow, max-snippet:-1, max-image-preview:large, max-video-preview:-1" />
<meta property="og:locale" content="es_ES" />
<meta property="og:type" content="article" />
<meta property="og:title" content="Tipo facial adenoideo" />
<meta property="og:description" content="El tipo facial adenoideo es un conjunto típico de síntomas con cambios faciales que se desarrolla en los niños como resultado de trastornos respiratorios nasales prolongados y la transición a una respiración bucal constante." />
<meta property="og:url" content="https://wiki.dev.voka.io/es/glosario/tipo-facial-adenoideo/" />
<meta property="og:site_name" content="Voka Wiki" />
<meta property="article:publisher" content="https://www.facebook.com/VOKA3DAnatomyAndPathology/" />
<meta property="article:modified_time" content="2025-11-13T11:49:22+00:00" />
<meta name="twitter:card" content="summary_large_image" />
<meta name="twitter:label1" content="Tiempo de lectura" />
	<meta name="twitter:data1" content="1 minuto" />
<script type="application/ld+json" class="yoast-schema-graph">{"@context":"https://schema.org","@graph":[{"@type":"WebPage","@id":"https://wiki.dev.voka.io/es/glosario/tipo-facial-adenoideo/","url":"https://wiki.dev.voka.io/es/glosario/tipo-facial-adenoideo/","name":"Tipo facial adenoideo: definición médica y descripción | Voka Wiki","isPartOf":{"@id":"https://wiki.dev.voka.io/es/#website"},"datePublished":"2025-11-13T11:49:19+00:00","dateModified":"2025-11-13T11:49:22+00:00","description":"El tipo facial adenoideo es un conjunto típico de síntomas con cambios faciales que se desarrolla en los niños como resultado de trastornos respiratorios nasales prolongados y la transición a una respiración bucal constante.","breadcrumb":{"@id":"https://wiki.dev.voka.io/es/glosario/tipo-facial-adenoideo/#breadcrumb"},"inLanguage":"es","potentialAction":[{"@type":"ReadAction","target":["https://wiki.dev.voka.io/es/glosario/tipo-facial-adenoideo/"]}]},{"@type":"BreadcrumbList","@id":"https://wiki.dev.voka.io/es/glosario/tipo-facial-adenoideo/#breadcrumb","itemListElement":[{"@type":"ListItem","position":1,"name":"Home","item":"https://wiki.dev.voka.io/es/"},{"@type":"ListItem","position":2,"name":"Glosario","item":"https://wiki.dev.voka.io/es/glosario/"},{"@type":"ListItem","position":3,"name":"Tipo facial adenoideo"}]},{"@type":"WebSite","@id":"https://wiki.dev.voka.io/es/#website","url":"https://wiki.dev.voka.io/es/","name":"Voka Wiki","description":"","publisher":{"@id":"https://wiki.dev.voka.io/es/#organization"},"alternateName":"Anatomy & Pathology Wiki by VOKA","potentialAction":[{"@type":"SearchAction","target":{"@type":"EntryPoint","urlTemplate":"https://wiki.dev.voka.io/es/?s={search_term_string}"},"query-input":{"@type":"PropertyValueSpecification","valueRequired":true,"valueName":"search_term_string"}}],"inLanguage":"es"},{"@type":"Organization","@id":"https://wiki.dev.voka.io/es/#organization","name":"Voka 3D Anatomy & Pathology","alternateName":"VOKA","url":"https://wiki.dev.voka.io/es/","logo":{"@type":"ImageObject","inLanguage":"es","@id":"https://wiki.dev.voka.io/es/#/schema/logo/image/","url":"https://wiki.dev.voka.io/wp-content/uploads/2025/02/cropped-voka-logo-1.png","contentUrl":"https://wiki.dev.voka.io/wp-content/uploads/2025/02/cropped-voka-logo-1.png","width":70,"height":16,"caption":"Voka 3D Anatomy & Pathology"},"image":{"@id":"https://wiki.dev.voka.io/es/#/schema/logo/image/"},"sameAs":["https://www.facebook.com/VOKA3DAnatomyAndPathology/","https://www.instagram.com/voka.io/","https://www.linkedin.com/company/voka-io/","https://www.youtube.com/channel/UCqGGuOEpr62ScH8Pjk2q5zw/videos","https://www.pinterest.com/VokaAnatomyPro/","https://www.threads.com/@voka.io"],"description":"VOKA.io offers 3D medical animations and custom 3D modeling services. Our product, VOKA 3D Anatomy & Pathology, is a digital atlas with over 1,000 detailed 3D models of human anatomy and pathology, designed for medical education, training, and patient communication.","email":"info@voka.io","telephone":"+1 814 351 4442","legalName":"Voka 3D Anatomy & Pathology","foundingDate":"2017-02-12","naics":"541512","numberOfEmployees":{"@type":"QuantitativeValue","minValue":"51","maxValue":"200"},"publishingPrinciples":"https://wiki.voka.io/es/principios-de-publicacion/"}]}</script>
<!-- / Yoast SEO Premium plugin. -->

Tipo facial adenoideo: definición médica y descripción | Voka Wiki

El tipo facial adenoideo es un conjunto típico de síntomas con cambios faciales que se desarrolla en los niños como resultado de trastornos respiratorios nasales prolongados y la transición a una respiración bucal constante.
